99 prime?
False
Is 19403062463 prime?
False
Is 61265375746 composite?
True
Is 1313095621 prime?
True
Is 7277068033 prime?
True
Is 102581926543 prime?
False
Is 92001749429 a prime number?
True
Is 12512146334 composite?
True
Is 1739514317 a composite number?
False
Is 669919997 a prime number?
False
Is 2149741991 prime?
True
Is 104374992767 composite?
True
Is 37772556007 a composite number?
True
Is 2570385813 prime?
False
Is 3021132059 prime?
False
Is 1619743339 a prime number?
False
Is 74434373089 a composite number?
False
Is 69024373357 a prime number?
True
Is 191794751 composite?
True
Is 51282943 a prime number?
True
Is 26599399 composite?
False
Is 725458553 composite?
False
Is 6787381463 prime?
True
Is 4323583241 a composite number?
False
Is 97374731 composite?
False
Is 34603006793 a composite number?
True
Is 530777743 a composite number?
True
Is 2237253773 a composite number?
True
Is 806610547 a prime number?
True
Is 7708286279 prime?
False
Is 381632467 a composite number?
True
Is 610797261 a prime number?
False
Is 83686906571 prime?
False
Is 449309033 a composite number?
False
Is 1348297897 prime?
False
Is 50916985831 prime?
True
Is 93568374707 a composite number?
True
Is 1575900667 prime?
False
Is 1504410214 prime?
False
Is 363401821 a prime number?
True
Is 83681587445 a prime number?
False
Is 17153507951 a prime number?
False
Is 524104171 composite?
False
Is 61565707783 composite?
True
Is 957055811 a composite number?
False
Is 605605051 composite?
True
Is 230514457 a composite number?
False
Is 3686143717 prime?
False
Is 795958031 prime?
False
Is 292275313 a composite number?
True
Is 20066676589 composite?
True
Is 29884572163 composite?
False
Is 607975439 a prime number?
True
Is 1039979077 prime?
False
Is 2335325623 composite?
True
Is 22588320421 prime?
True
Is 27019986997 prime?
True
Is 15613875941 prime?
True
Is 6334063903 prime?
True
Is 1810105723 composite?
False
Is 2145327293 a prime number?
False
Is 795912751 a prime number?
True
Is 14300128727 composite?
False
Is 2192364593 a prime number?
True
Is 19541175469 composite?
True
Is 31549033627 a composite number?
True
Is 8926757909 composite?
False
Is 1463870521 a composite number?
False
Is 685375549 prime?
False
Is 1242786031 a composite number?
True
Is 5828788765 a composite number?
True
Is 17669630437 composite?
False
Is 85355143 a prime number?
True
Is 2593674169 a composite number?
False
Is 10018682081 prime?
True
Is 19909201535 a prime number?
False
Is 3419103329 a prime number?
False
Is 7510778367 composite?
True
Is 92588753 prime?
True
Is 504564737 a prime number?
False
Is 1115944693 prime?
False
Is 13493882327 a composite number?
True
Is 47158714549 composite?
True
Is 979035103 composite?
True
Is 242870809 a composite number?
False
Is 46365807731 composite?
True
Is 5610745229 a composite number?
True
Is 40858398841 a composite number?
True
Is 3652907497 composite?
False
Is 938865127 composite?
False
Is 44330726554 a prime number?
False
Is 67861270889 a prime number?
False
Is 7267212371 composite?
False
Is 5446008851 a prime number?
True
Is 82979879 a composite number?
False
Is 68208882229 prime?
True
Is 780096829 prime?
False
Is 774344497 prime?
False
Is 42220534063 prime?
True
Is 14569797917 a composite number?
False
Is 46251339617 a composite number?
True
Is 13788248423 prime?
True
Is 321442427 a prime number?
True
Is 4075456943 a prime number?
False
Is 976921963 a composite number?
True
Is 38853986177 prime?
True
Is 55142228641 a composite number?
False
Is 1920803317 prime?
False
Is 40217234701 a composite number?
True
Is 1624115137 composite?
False
Is 391449599 a composite number?
True
Is 330318763 a prime number?
False
Is 1172238869 prime?
True
Is 494023163 a prime number?
True
Is 12739900174 composite?
True
Is 1034215541 composite?
False
Is 834246802 a composite number?
True
Is 23186353 prime?
True
Is 11118865267 prime?
True
Is 25367798881 a composite number?
True
Is 4461481285 a composite number?
True
Is 215083801 prime?
False
Is 13715656727 composite?
True
Is 361210337 composite?
True
Is 47033474299 composite?
True
Is 279009743 a prime number?
False
Is 1759536353 a composite number?
False
Is 201701802245 prime?
False
Is 337011193 composite?
False
Is 6605135695 a composite number?
True
Is 105278569477 a composite number?
True
Is 36818759 prime?
True
Is 1039778749 a composite number?
False
Is 18264958429 prime?
False
Is 52989695663 a composite number?
False
Is 6308604313 composite?
True
Is 16659695991 prime?
False
Is 3398004539 composite?
False
Is 3023492159 a composite number?
False
Is 2186858747 prime?
True
Is 1355427307 prime?
False
Is 44268144467 a prime number?
True
Is 30113589271 composite?
False
Is 503474593 a prime number?
False
Is 12196257217 a composite number?
False
Is 834873157 prime?
True
Is 409186523 composite?
False
Is 2999724631 composite?
False
Is 75547840439 a composite number?
False
Is 204624517 composite?
False
Is 96250873111 a composite number?
True
Is 8518696723 prime?
True
Is 54801296677 a composite number?
True
Is 245741883 a composite number?
True
Is 11748767983 composite?
True
Is 94676237 composite?
False
Is 34450762199 composite?
True
Is 119211022097 a composite number?
False
Is 17079047 prime?
False
Is 25824872497 composite?
False
Is 1890772771 composite?
False
Is 824453101 composite?
True
Is 4279652171 prime?
True
Is 31190988331 a prime number?
True
Is 464848009 composite?
True
Is 2931943583 a prime number?
True
Is 203766217 a prime number?
True
Is 30561192743 a prime number?
False
Is 3662136767 composite?
True
Is 1871710171 composite?
False
Is 474307 composite?
False
Is 17743353421 a composite number?
False
Is 16966592759 prime?
True
Is 194303721 a composite number?
True
Is 313802789 composite?
False
Is 1580381617 a prime number?
True
Is 3928941173 a prime number?
False
Is 843236453 prime?
True
Is 35357475217 prime?
False
Is 48909659 composite?
True
Is 104873658767 composite?
True
Is 30830673509 a composite number?
False
Is 3112331911 composite?
True
Is 1547598665 a composite number?
True
Is 11948296039 a prime number?
True
Is 179473793 prime?
False
Is 140306539 a prime number?
False
Is 455292881 a composite number?
True
Is 17626331269 a prime number?
True
Is 170486946491 prime?
False
Is 31152580523 a composite number?
False
Is 24114303221 a prime number?
True
Is 7062455357 a composite number?
False
Is 869626729 composite?
True
Is 13330678853 prime?
True
Is 1212163411 composite?
True
Is 184338029 prime?
False
Is 229802480297 a prime number?
False
Is 39150403297 prime?
False
Is 2860708423 composite?
False
Is 303101947 a composite number?
True
Is 59688455399 a prime number?
True
Is 3772139791 a prime number?
False
Is 1746665779 composite?
False
Is 636723349 composite?
False
Is 84816051478 a composite number?
True
Is 736481219 prime?
False
Is 30193524547 prime?
False
Is 555948923 prime?
True
Is 35103247945 a composite number?
True
Is 1069745087 composite?
True
Is 7913528699 a prime number?
True
Is 24625650557 prime?
False
Is 166513507 prime?
False
Is 87189484717 composite?
True
Is 40520452627 prime?
True
Is 15360252221 composite?
True
Is 17012632733 a composite number?
False
Is 4163405881 a composite number?
True
Is 68701665073 composite?
True
Is 4828893847 composite?
False
Is 84165911 composite?
True
Is 96865925633 a composite number?
False
Is 278201993 a composite number?
False
Is 30064586599 a composite number?
False
Is 7541203777 a composite number?
False
Is 80599879 a prime number?
True
Is 2327686351 a composite number?
True
Is 1872807007 composite?
False
Is 18544857307 composite?
True
Is 180579691 prime?
False
Is 21271991681 composite?
False
Is 197560351 a prime number?
True
Is 8711013703 a prime number?
False
Is 60969617789 prime?
True
Is 2948991139 a composite number?
True
Is 389119739 composite?
False
Is 2451455711 a prime number?
True
Is 16814672807 prime?
False
Is 11335706573 a composite number?
True
Is 2432018119 a prime number?
True
Is 54007408447 prime?
True
Is 3596333207 prime?
False
Is 205143672449 a composite number?
True
Is 78894601811 prime?
False
Is 11218526099 a composite number?
True
Is 67772711705 prime?
False
Is 911201021 a composite number?
False
Is 4092442253 composite?
False
Is 12157232543 prime?
False
Is 90095143